-8 + 12)) - (2 - 6)?
2
13 + (-4 - (-5 + -6) - 11) + -3
6
Calculate 5 + (7 - (24 + -5)) - -4.
-3
(12 - (-3 - -2)) + 0 - (-4 + 12)
5
Calculate (0 - -6) + (58 - 59).
5
What is the value of (-34 - (-9 - 6)) + (-12 - -7)?
-24
Evaluate 1 + (20 + 2 + (-21 - -20) - 9).
13
What is the value of (0 + -5 - (-10 - -9)) + (9 - 3)?
2
What is the value of 8 + (31 - (20 + 0 + -8))?
27
4 + (9 - 18) + 7 + 0
2
What is (1 - -2 - (36 - 23)) + 3?
-7
What is the value of 3 - ((3 - (6 - -5)) + 6)?
5
What is the value of 2 - (14 - (5 + -3))?
-10
Calculate 7 - (-11 - (-9 + -19)).
-10
Evaluate 10 + (-27 - -47 - 42).
-12
(31 - 20) + -18 - -16
9
Evaluate (-4 + 3 - 6) + (6 - 4) + -6.
-11
Evaluate (-21 + 1 - (-3 + 12 + -17)) + 10.
-2
Calculate 6 + 3 + 6 + -8 + -21.
-14
What is the value of (-3 - 0 - 25) + (4 + -1 - -3)?
-22
Calculate 10 - ((-8 - -1) + (61 - 39)).
-5
What is -3 + 0 - ((-14 - -43) + -32)?
0
Evaluate 1 - -7 - (8 - 18 - -5).
13
Calculate -25 - -31 - (-3 - -6 - 0 - 1).
4
Calculate -2 - ((-14 - -5) + 13).
-6
What is (7 - -2) + 18 + -37 + 20?
10
What is the value of 5 - -2 - (-1 - -21 - 13 - -1)?
-1
73 + -129 + 57 + (-24 - 1 - 0)
-24
14 - ((8 - (21 - 7)) + -11)
31
What is the value of 2 - (16 - (21 - 19))?
-12
What is 225 + -224 + 0 + 9?
10
Calculate 5 + (-4 - 7 - -9).
3
What is 10 - (-33 - -47) - -29?
25
Calculate 1 + (1 - (-1 + 0) - (-247 + 241)).
9
14 + (-5 - 0) + 0 + (27 - 22)
14
Evaluate 2 + 49 + (595 - 612).
34
Calculate 13 + -28 - -30 - (3 - 3 - -1).
14
What is (-8 - 3) + 27 - 14?
2
What is -54 + 0 - (456 - 485)?
-25
-4 + (-10 - -13 - -2) - (1 + 1)
-1
Evaluate -11 + 59 + -15 - 16.
17
Calculate -4 - (-10 - (6 - (23 + -9))).
-2
Evaluate -1 + 2 - 3 - (0 - (30 - 31)).
-3
What is 15 + -20 + -10 + 0 + 13?
-2
Calculate -10 + (-2 + -1 - (-19 + 49 - 30)).
-13
What is the value of -11 - (-5 - (-13 + -13 + 18))?
-14
Calculate 33 + (1 - (-18 + 31)).
21
What is the value of 4 - (-3 + 1 + 0 + -8)?
14
4 + -1 - -4 - (175 - 179)
11
14 + 2 + -5 - (6 + -3 - -38)
-30
(-55 + 26 - 14) + 28
-15
3733 + -3748 + -2 + -1 + 1
-17
Evaluate -15 - (-32 + (-5 - -3)).
19
Calculate 3 - (33 - 11 - 28).
9
What is the value of -107 + 117 + (1 - -4 - -6)?
21
(9 - (4 + 1 + 1)) + 7 + -12
-2
23 + 0 + (8 - (20 - 2))
13
Evaluate -25 + 41 - (1 + 24).
-9
What is the value of (-3 + (-6 - -9) - -5) + -6 + -2?
-3
Calculate (1 + (-2 - -1) - 1) + 1.
0
(2 - (-1 - -6)) + 3 + (-30 - -30)
0
What is the value of -1 - (5 + -18 - 1)?
13
-23 + 12 - (6 - 13)
-4
What is -3 + (-8 - 1) + -7 + 7 + 9?
-3
Calculate 3 - (12 - (18 - 11)).
-2
What is (-46 + 28 - -33) + (3 - 8)?
10
1 + -1 + (9 - 10) + -9
-10
Calculate (-1 - -1) + 26 + -31 - (4 + -5).
-4
What is 38 - (-13 + (3 - -6 - -7))?
35
Evaluate -13 + 15 + (-10 - -8 - 8).
-8
Calculate 13 + 8 + -7 + -9 + -1.
4
What is the value of (-10 - -19) + -7 + 11?
13
Calculate -2 + (-7 - (12 - 20)) - 4.
-5
What is -30 + 21 + -7 - 4?
-20
What is the value of -27 + 53 + 18 + -22?
22
What is the value of -14 + 1 + (22 - 21)?
-12
0 + 4 + (134 - 131)
7
What is (-23 - -2) + -2 - (-84 + (-18 - -106))?
-27
What is the value of (-1 - (15 + 0)) + (-21 - -46) + -19?
-10
-1 - (27 + -3 + 9 + -17)
-17
Evaluate 23 + -6 + (6 - -1 - -1) - 1.
24
9 + 2 + (0 - 3) + -16
-8
Evaluate (-12 - (28 + -29)) + -22.
-33
Calculate -1 + (8 - -9) + -7 + -20.
-11
What is 38 - ((-13 - -34) + 2)?
15
What is -14 + 1 - (5 - (8 + 4 + -9))?
-15
What is the value of -4 - -3 - 5 - 1 - -19?
12
What is the value of (-19 - -13) + (0 - 6 - -7 - 4)?
-9
Evaluate 12 + -17 + -10 - -1.
-14
What is the value of 3 + (25 - 21) + (-2 - -2)?
7
Calculate 435 + -457 + 16 + -1.
-7
What is 0 + (-10 - -14) + 16?
20
Evaluate -8 - (-3 + -10) - 6.
-1
What is the value of -3 + (-287 - -311 - (5 + -1))?
17
Calculate -34 + (4 - (0 - 6 - (-5 + 0))).
-29
What is -16 + (-10 - -1) + 12 - (5 - -1)?
-19
Calculate -8 - ((3 + -13 + 20 - 5) + -8).
-5
What is the value of -9 - 5 - -33 - -3?
22
What is -4 + -2 - (10 - (-10 - -27))?
1
What is the value of (107 - 127) + -1 + 12 - -26?
17
What is (-9 - 1) + (-13 - -41) + -3?
15
Calculate (-4 - -5) + (6 - 6) + -2 + 5.
4
Evaluate 0 - -14 - (9 + 2 + -11).
14
What is 9 + (-2 - 5) + -7?
-5
-12 + (-12 - -14) + (-1 - -2)
-9
What is 5 + (-35 - (-2 + (-3 + -2 - -2)))?
-25
Evaluate -16 + 0 + (7 - (-8 + 14 - -6)).
-21
What is -17 + -2 + 12 + -8 + 0?
-15
What is the value of 0 + (4 + 0 - (-4 + 2)) - 0?
6
Calculate -1 + 1 - -2 - (1154 - 1154) - -15.
17
What is the value of (13 - 6 - 8) + (5 - 3) + 12?
13
What is (3 - (-2 - -20)) + -18 + (18 - -3)?
-12
-14 + (20 - 27) - -25
4
What is the value of (-1 - 3) + -24 + (23 - 8)?
-13
What is the value of 21 + -30 + -32 + 25?
-16
What is the value of (-2 - ((4 - 6) + 49)) + 17?
-32
What is (-4 + 7 - 3 - -16) + 3?
19
Calculate 5 + (12 + 2 - 6).
13
What is the value of 1 + -2 - ((-6 - -6) + 4)?
-5
Evaluate (2 + 5 - (-5 - -36)) + 48 + -58.
-34
44 - (21 - (-16 - -8))
15
What is -15 - (-22 + -10 - -26)?
-9
-4 + -11 + -4 - -30
11
Calculate 1 + -21 + 0 - (-57 + 48 - -11).
-22
6 + -12 + 13 + -1 + (-7 - -1)
0
Calculate -5 + 3 - (-7 - 2) - (10 + 4).
-7
What is the value of -11 + (29 - 5) - 29?
-16
Evaluate -15 - (-29 - (0 + -13)).
1
What is 8 + (9 - 8) - 16 - 3?
-10
What is -19 + 0 + (-208 - -220)?
-7
Evaluate -14 - (-41 + 16) - 19.
-8
Evaluate 0 + (-3 - -4) - (-19 + 5 + 16).
-1
Evaluate 6 - (1 + -2) - (160 + -161).
8
Evaluate (-63 - -91) + (-2 - 5).
21
What is 6 + -5 + (10 - 5) + -11?
-5
What is -37 - -45 - (8 - -1)?
-1
Calculate 4 + (-59 + 59 - (-5 + 1)).
8
What is (-6 - -18) + -1 - (0 + -9)?
20
What is the value of (3 - 1) + 10 - (7 - -1)?
4
6 - (-1 - (8 - 1 - (20 + -18)))
12
What is the value of -41 + -2 + (75 - 4)?
28
What is the value of 2 + 0 - 2 - 0 - (10 - 13)?
3
Calculate (6 - 8) + (10 + -2 - 2 - 23).
-19
What is the value of -3 + (-22 - -13) + 23?
11
5 + (-1 - (-1 - -3)) + 21 + -18
5
What is the value of -14 - (-48 - -47 - (-1 - 5))?
-19
What is (0 - 0 - 8) + (-14 - (-36 + 24))?
-10
-4 + -20 + (-22 - -40)
-6
What is (17 - -9) + -34 - -30?
22
Calculate 7 - (-9 - (-22 + (11 - -2))).
7
Calculate -6 - (-2 - (13 + -4)).
5
What is 2 + 0 - (-1 - (-11 + 21))?
13
What is the value of 2 + -5 + (-1 - -7) + 1?
4
Evaluate 0 - ((-1 - (4 + -1 + 1)) + -7).
12
Calculate (0 - (-3 + 2)) + -4 + -555 + 545.
-13
What is 3 - (-3 + -1) - (19 - 2)?
-10
-15 - (14 + -28 + 2)
-3
What is the value of (-6 - -4) + -5 + 11 - -11?
15
What is -14 - (5 + -34) - -5?
20
Calculate 1 + (-1 - 7) + -5 + -8 + 30.
10
-114 + 15 + 101 + -6 + 0 + -1
-5
What is -13 + (-9 + 12 - 5 - 1)?
-16
-6 + (7 - 2) + -32 + 29
-4
What is 1 + 5 + (8 - 25) + 13?
2
Calculate (-25 + 6 + 2 - -11) + 14 + 31.
39
-32 + 20 + (-46 - -32)
-26
Evaluate (4 - -23) + -18 - 13.
-4
7 + (5 + -11 - 15)
-14
Calculate 5 - 4 - (49 - 20).
-28
Evaluate 13 - (-3 + 3) - 20.
-7
-10 + (28 - (17 + 10))
-9
What is -35 + 24 - (-13 + 1)?
1
29 - (13 + -3) - (3 - 1)
17
What is -1 - 3 - -5 - (46 - 43)?
-2
What is the value of -1 - 6 - (-170 - -159)?
4
What is 1 + 3 + (18 - 18 - (0 - -6))?
-2
What is (15 - (1 - (8 + (-7 - 0)))) + -2?
13
What is the value of (-21 - -6) + (-2 - -8) + -4 + 7?
-6
What is 1 + -24 + 31 + -42?
-34
What is 9 + (3 - (8 - 2)) - (31 - 36)?
11
(-6 - -4 - (0 - 0) - 4) + 9
3
What is the value of 14 + 6 + (-68 - -50)?
2
Evaluate -48 + 63 - (-3 - (0 - -4)).
22
Calculate -14 + 19 + (-3 - (2 - 2 - 4)).
6
What is the value of (2 - -7) + (-2 - -26 - 23) - -8?
18
What is the value of (3 - 3) + -35 + (17 - -2)?
-16
What is the value of (-5 - -23) + -18 + 18?
18
What is -69 + 69 + (-2 - -9)?
7
Calculate 2 + -18 + (-11 - (-20 + -4 + 12)).
-15
Evaluate (-44 - -29 - 9) + 37.
13
What is 565 - 561 - (-16 - 0)?
20
What is (8 + 0 - (1 - -13)) + (3 - -15)?
12
(3 + 6 - (17 + -6)) + -10
-12
What is (-9 - 0) + -1190 + 1186?
-13
Calculate -10 + 1 + (5 + -13 - -6).
-11
Evaluate (11 - -25) + -19 + (4 - (3 + -6)).
24
Evaluate 15 + 3 + -15 - (1 + 5).
-3
7 - 8 - -8 - 6
1
What is (-37 + 3 - -7) + 11 - -42?
26
Calculate -2 - (7 + 6 + -19 - (-2 + -5)).
-3
Evaluate (16 - -1) + (8 - (-6 - -21 - 1)).
11
What is the value of 2 + 0 - 9 - (-27 - -44 - 30)?
6
(17 - 10) + 11 - 36
-18
What is the value of -2 + -9 + 9 + -9 + 24?
13
-2 - (5 - 10) - (0 - 2) - 14
-9
Evaluate 5 + -1 + (11 - 18 - (6 - 12)).
3
What is the value of -1 - 29 - (1103 - 1132)?
-1
(11 - (5 + 9)) + 2 + -2
-3
What is 4 - 